
Is 2725504003 a prime number?
False
Is 17547844607 a composite number?
True
Is 26354537983 composite?
False
Is 41522357 composite?
False
Is 1110129919 composite?
True
Is 5047247653 composite?
True
Is 15493577119 a composite number?
True
Is 23836273 a composite number?
True
Is 2713253737 composite?
True
Is 980609941 a composite number?
False
Is 9367208323 a composite number?
True
Is 25010641 composite?
False
Is 91249713419 composite?
False
Is 1119743083 a prime number?
False
Is 1901809015 a prime number?
False
Is 831280063 prime?
True
Is 6429500621 a prime number?
True
Is 6685131853 prime?
True
Is 5093684507 a prime number?
True
Is 473478839 composite?
True
Is 14924132129 a composite number?
False
Is 10048699907 prime?
False
Is 1502210539 a prime number?
False
Is 1233685459 composite?
False
Is 6779347243 a composite number?
True
Is 5087905967 a prime number?
False
Is 1152718139 prime?
True
Is 573399331 a composite number?
True
Is 31594603079 composite?
True
Is 3334884895 a prime number?
False
Is 325745621 prime?
True
Is 44026320631 prime?
False
Is 1397307829 prime?
True
Is 68930412527 a composite number?
False
Is 17832892777 composite?
True
Is 34187915869 prime?
True
Is 24359214307 prime?
True
Is 21332197451 a composite number?
True
Is 2969552491 composite?
False
Is 17571112723 a composite number?
True
Is 30437572369 prime?
False
Is 10998504823 a composite number?
True
Is 8605258481 a composite number?
False
Is 8547598519 prime?
False
Is 1519339409 a prime number?
False
Is 664419953 a composite number?
True
Is 3174578689 a prime number?
True
Is 4222887061 a composite number?
False
Is 127721057 prime?
True
Is 1457463877 a composite number?
False
Is 468374033 a composite number?
True
Is 2412933191 prime?
True
Is 292090926137 a composite number?
False
Is 7792484171 composite?
False
Is 105535558819 prime?
True
Is 1229890447 a prime number?
False
Is 1233882434 prime?
False
Is 20763324793 a composite number?
True
Is 1017586499 composite?
False
Is 2579392457 prime?
True
Is 15862499617 composite?
False
Is 7970281835 composite?
True
Is 9556895981 a composite number?
True
Is 2076471883 prime?
False
Is 6922403 a composite number?
True
Is 915203813 composite?
True
Is 8130807163 composite?
False
Is 763085405 a composite number?
True
Is 5616453529 a prime number?
True
Is 240501572959 prime?
False
Is 2352023567 a prime number?
False
Is 66832105621 prime?
True
Is 18450461891 a prime number?
True
Is 12233922983 a prime number?
True
Is 600895483 composite?
False
Is 361131503 a composite number?
True
Is 583626853 prime?
True
Is 15944067077 composite?
False
Is 4054634651 prime?
False
Is 606910063 composite?
True
Is 24865196549 a prime number?
True
Is 259025120513 a composite number?
False
Is 11689703491 a composite number?
False
Is 7413232609 composite?
False
Is 6825068213 prime?
False
Is 536646491 a prime number?
True
Is 776293513 prime?
True
Is 3675981061 prime?
False
Is 180592247 composite?
True
Is 1163058131 prime?
True
Is 1976033771 prime?
True
Is 1019845009 a prime number?
True
Is 3471573817 a prime number?
False
Is 22331902081 composite?
True
Is 1406360897 composite?
False
Is 100941635 composite?
True
Is 3761167493 prime?
False
Is 1574708857 a composite number?
False
Is 291393101 composite?
True
Is 39618199871 a prime number?
False
Is 13303492627 prime?
True
Is 29619266179 composite?
False
Is 40721867479 a composite number?
False
Is 1281745537 prime?
True
Is 13127329063 prime?
False
Is 395169757 a prime number?
False
Is 307790773 composite?
True
Is 14229424537 a composite number?
False
Is 13950239 prime?
False
Is 8142224393 a prime number?
True
Is 4743241 a composite number?
False
Is 734476839 composite?
True
Is 182759749747 prime?
False
Is 14899565671 a prime number?
True
Is 673342277 prime?
True
Is 12418973 composite?
True
Is 1837460527 a prime number?
False
Is 594826093 prime?
True
Is 22585441969 a prime number?
True
Is 3807567517 a prime number?
False
Is 7913719273 a prime number?
False
Is 1440387391 a composite number?
True
Is 602235607 prime?
True
Is 1929350693 a composite number?
True
Is 1060049839 composite?
True
Is 14020283003 prime?
True
Is 95223587267 composite?
False
Is 59618551679 a composite number?
False
Is 58824529 prime?
True
Is 1062885211 prime?
False
Is 13156758961 prime?
False
Is 296064779 a prime number?
True
Is 45106120831 a composite number?
True
Is 1505793059 prime?
True
Is 2450194919 composite?
True
Is 1592920331 a prime number?
True
Is 40814648447 prime?
False
Is 124496055419 a prime number?
False
Is 2940218689 a composite number?
True
Is 779096237 a composite number?
True
Is 92088968887 prime?
False
Is 5374169287 a composite number?
True
Is 15680523721 composite?
False
Is 1384588481 prime?
False
Is 30573630613 composite?
True
Is 136547023 composite?
False
Is 5641251517 a prime number?
False
Is 3981592217 a prime number?
False
Is 124497760811 a prime number?
True
Is 172673933 a composite number?
True
Is 12534421 a prime number?
True
Is 123928334171 composite?
False
Is 600384409 prime?
False
Is 12567145589 a prime number?
True
Is 1354766845 a composite number?
True
Is 11464375327 composite?
False
Is 859763141 prime?
True
Is 1340820863 a prime number?
True
Is 15438537899 composite?
False
Is 187104377 a composite number?
True
Is 4149477335 composite?
True
Is 133044559 prime?
False
Is 5145529777 a composite number?
False
Is 183884809 a composite number?
True
Is 8934231343 prime?
False
Is 934241515 a prime number?
False
Is 140172007 a prime number?
True
Is 494472611 prime?
False
Is 33064459 composite?
False
Is 8568431831 prime?
False
Is 2844958003 a composite number?
False
Is 18972738791 prime?
False
Is 93811903 composite?
False
Is 26576131411 composite?
False
Is 10923239827 a composite number?
True
Is 391057607971 prime?
True
Is 209424373 a prime number?
True
Is 58700187277 a prime number?
True
Is 16006528253 composite?
True
Is 172396457 prime?
False
Is 1808138177 a prime number?
False
Is 3469179523 a composite number?
True
Is 8288164217 composite?
False
Is 1477068799 a prime number?
False
Is 20193407287 composite?
False
Is 128799428743 composite?
False
Is 6143858605 composite?
True
Is 717716009 prime?
True
Is 10053096983 composite?
False
Is 7279437331 a prime number?
False
Is 169493272309 composite?
False
Is 10371071417 prime?
False
Is 80287680407 a prime number?
False
Is 40334281777 a prime number?
True
Is 222588984719 a composite number?
False
Is 1913987342 a composite number?
True
Is 106745638477 composite?
True
Is 12810678827 prime?
False
Is 98300021 composite?
True
Is 1960190519 prime?
False
Is 2722307197 a prime number?
True
Is 158419817 prime?
True
Is 7225369897 composite?
True
Is 1214278589 a prime number?
True
Is 748389953 a prime number?
False
Is 2144368717 a composite number?
False
Is 73305721 composite?
False
Is 2295772769 prime?
False
Is 5726407 a prime number?
True
Is 40118340569 a prime number?
True
Is 19663620677 prime?
False
Is 54707967539 composite?
False
Is 300756293 a prime number?
True
Is 5836952101 composite?
False
Is 154456657 prime?
False
Is 2458315621 composite?
False
Is 6105937919 a prime number?
True
Is 9584613079 composite?
False
Is 2682389447 composite?
False
Is 2557175701 prime?
False
Is 4076128909 prime?
False
Is 557705887 a prime number?
True
Is 467062801 prime?
True
Is 7503476611 prime?
False
Is 2611141017 a composite number?
True
Is 18050261051 a composite number?
False
Is 156405101 composite?
False
Is 491482387 a prime number?
False
Is 398329027 a composite number?
True
Is 138843457 a prime number?
True
Is 207075630865 prime?
False
Is 794728211 a composite number?
False
Is 12921480281 a composite number?
True
Is 58224067841 prime?
False
Is 880698529 prime?
True
Is 17151146585 a prime number?
False
Is 1074135613 prime?
True
Is 366880193 a prime number?
True
Is 562170121 composite?
False
Is 120516337 a prime number?
True
Is 20686138313 prime?
False
Is 751973161 prime?
False
Is 15838302599 prime?
False
Is 58404557 prime?
True
Is 936112139 composite?
False
Is 852040219 a composite number?
False
Is 24048054237 prime?
False
Is 397874849 a prime number?
False
Is 2754705919 prime?
False
Is 51931931 a prime number?
False
Is 6665968847 composite?
False
Is 24534574793 a composite number?
True
Is 572706841